 be f(-3). Suppose 4385 = 94*z + 78*z - 4215. Calculate the highest common factor of z and u.
2
Suppose 0 = 2*n, 13*n = w + 16*n - 11. What is the highest common factor of w and 1661?
11
Let z(c) = -2*c**2 - 11*c + 23. Let f be z(2). Let m be f/(-6)*5/10*12. Calculate the highest common divisor of m and 224.
7
Let w be 3/(-3) - (-28 + 4). What is the highest common factor of w and 299?
23
Let t = -3478 + 10759. What is the greatest common factor of t and 9?
9
Suppose -t + 8*t - 27072 = -40*t. Calculate the greatest common factor of 224 and t.
32
Let z = -3006 - -5008. Calculate the greatest common divisor of z and 130.
26
Let h = 103 - 102. Let d be (-36)/(-8)*2/h. Calculate the greatest common factor of d and 117.
9
Let u be -45*((-18)/81 + (-13672)/360). What is the greatest common factor of u and 18?
9
Let k be (2 - 46 - 1)*-2. Suppose 2*g - k + 58 = 0. What is the highest common factor of 56 and g?
8
Suppose 0 = y + 295 - 984. Let c = -633 + y. What is the highest common factor of c and 28?
28
Let d be ((-496)/32 + 17)*(1 - -45). What is the highest common divisor of d and 4623?
69
Let r(k) = 4*k - 25. Let a be r(7). Let n be 7 - 12/a - 10 - -2. Let j(h) = -10*h - 31. Let u be j(n). Calculate the greatest common divisor of u and 38.
19
Let m be ((-1)/2)/(5/(-1140)). Suppose -2*v - 50 = -4*h, -5*h - 2*v = -v - 59. Let b = m + h. Calculate the greatest common factor of 14 and b.
14
Suppose l + 3*l = -j + 1017, l - 238 = 3*j. Let n = 15 - 13. Suppose 2*i = n*x - 3*i - 46, 0 = -i. What is the highest common divisor of l and x?
23
Let f(v) = 3*v**2 + 94*v - 40. Let r be f(-32). Suppose -2*q - 144 = 4*l, 5*q = 4*l - l - 334. Let g = q + 128. What is the highest common divisor of g and r?
12
Suppose 468*k = -n + 466*k + 64, 0 = 4*k + 16. Calculate the highest common divisor of n and 162.
18
Let f(q) be the second derivative of q**4/12 - 4*q**2 + 8*q + 4. Let j be f(4). What is the highest common factor of j and 40?
8
Let y = 14 + 0. Let a be (12/(-14))/((-1)/y). Let g(n) = n**2 - n. Let x be g(4). What is the greatest common divisor of x and a?
12
Let w(h) = -58 - 190*h + 99*h + 95*h + 142. Let c be w(20). Calculate the highest common factor of 4 and c.
4
Suppose 529*j - 523*j - 18846 = 0. What is the highest common divisor of j and 99?
9
Let a = -25610 + 25675. Calculate the highest common divisor of 1985 and a.
5
Let x be (3 - 18)*124/(-6). Suppose -5*b + 589 = 5*n - 36, 3*n = -b + 127. Calculate the highest common factor of x and b.
62
Let d = 8 - -3. Suppose -55*w - 86*w = 54*w. Suppose w = -2*o + 25 + d. What is the greatest common factor of 9 and o?
9
Suppose -400 = -13*p + 3*p. Suppose -2*y - 3*y + p = 0. What is the highest common divisor of y and 24?
8
Let j be (33/(-22))/(6/(-28)). Let r be (-1)/(-7) + 21/196 + 49530/120. What is the greatest common factor of j and r?
7
Let i be (14 + -2)*(2275/14 + -12). Calculate the greatest common factor of 231 and i.
21
Suppose -240*a + 144 = -234*a. Calculate the highest common divisor of a and 2136.
24
Let t = -3989 + 4709. What is the greatest common divisor of 10 and t?
10
Suppose 2*d = 4*d - 4, 5*d = -5*b + 20. Suppose 7*n - 50 = 3*n - b*h, 0 = 2*h - 6. What is the greatest common divisor of n and 187?
11
Let b(o) = -o**3 + 2*o**2 - 6*o - 3. Let x be b(-4). Suppose d - 4 = -4*h, 0 = h + 1379*d - 1375*d + 29. What is the highest common factor of x and h?
3
Let z be (220/66)/(8/36). Let g(u) = -u**3 - 2*u**2 - 4*u - 11. Let b be g(-8). Calculate the highest common divisor of b and z.
15
Suppose g - 5*p - 41 = 0, -2*g + 3*p + 104 = 4*p. Suppose -6*h + g = -3*h. Suppose -2*s - 18 + 154 = 0. What is the greatest common factor of s and h?
17
Suppose 0 = -28*w + 25*w + 5760. Suppose 0 = -0*s - 12*s + w. Calculate the highest common divisor of s and 30.
10
Suppose -961*g + 126 = -955*g. Suppose 2*n + n - 237 = -3*y, 2*y = 4*n + 188. Calculate the highest common factor of y and g.
21
Let q(m) = 2*m**2 + 3*m + 4. Let j be q(-4). Let p be (-2142)/36*(-4)/14. Suppose -28*y + p*y = -176. Calculate the greatest common divisor of j and y.
8
Let s(q) = -12*q**2 + 184*q + 18. Let l be s(11). What is the highest common factor of 59 and l?
59
Let f = 202 + -200. Let h(n) = 5*n**2 + n - 5. Let v be h(f). What is the greatest common factor of 68 and v?
17
Suppose 4027 = -z + 5199. What is the highest common divisor of z and 4?
4
Let s be -1*(-13 + (-308)/(-21)) + (-383)/(-3). Calculate the highest common factor of s and 574.
14
Let n be (-33)/(-22) + 102/4. Let t = 25 + n. What is the greatest common divisor of 8 and t?
4
Let a(b) = -b**3 + 66*b**2 + 63*b + 442. Let k be a(67). What is the greatest common factor of k and 14964?
174
Suppose 0 = 15*z - 9*z - 24. Let i = -2 + 5. Suppose 5*b = -i*d + 16, 0*b + 3*b = d - 24. What is the greatest common factor of z and d?
4
Let z = 28625 + -28561. Let i = -17 - -113. Calculate the highest common factor of i and z.
32
Let v = -70 - -74. Suppose 0 = v*c - 8, 4*c + 3 = g + 3*c. Suppose 0 = -5*u - g, -z - 2*u + 5*u + 7 = 0. What is the highest common divisor of 44 and z?
4
Suppose 4 = -4*o - 2*f - 28, 0 = -3*f. Let b = 80 - o. What is the highest common factor of 8 and b?
8
Suppose -15 = -2*t + 27. Let r be ((-5)/(75/6))/((5476/(-14245))/(-37))*-2. What is the highest common divisor of t and r?
7
Let v = -2293 + 2372. Calculate the highest common factor of v and 8453.
79
Let d(n) = 161*n - 142. Let y be d(1). What is the greatest common factor of 4351 and y?
19
Let j be 77 - (-8 + -3 + 7). What is the highest common factor of 261 and j?
9
Suppose 20*b = -54*b + 444. Suppose 4*t + 0 = 5*r - 2, 5*t - r - 8 = 0. Calculate the greatest common divisor of t and b.
2
Let f = -326 - -328. Suppose -f*g = 6*g - 2200. What is the greatest common divisor of g and 25?
25
Suppose -19*s = -12*s + 763. Let n = -73 - s. What is the greatest common factor of n and 54?
18
Suppose 12*n = 388 + 2492. Let l = -228 + n. Let z(u) = -5*u**3 - 2*u**2 - 2. Let h be z(-2). Calculate the greatest common divisor of l and h.
6
Suppose -4*w + 144 = 4*k, 0 = 3*k + 381*w - 379*w - 102. Calculate the highest common divisor of 1885 and k.
5
Let m(o) = -41*o - 1976. Let q be m(-52). What is the greatest common divisor of q and 260?
52
Let u = 27107 - 26951. What is the highest common divisor of 480 and u?
12
Suppose -3*f = -1290*m + 1285*m - 307, 210 = 2*f - 2*m. Calculate the greatest common divisor of f and 14279.
109
Let k be (-698988)/(-54) + (34/306)/(2/(-4)). What is the greatest common factor of k and 32?
16
Let o(t) = 16*t - 5. Let f = 7 + 5. Let l be 9/f + 1 + (-3)/4. Let b be o(l). Calculate the greatest common divisor of 11 and b.
11
Let q = 38209 - 38049. What is the highest common divisor of q and 1312?
32
Suppose -2*p + k - 270 = 4*k, 3*k - 696 = 5*p. Let h = 147 + p. Calculate the highest common divisor of 72 and h.
9
Suppose k - 170*x + 166*x = 124, -516 = -4*k - 4*x. What is the greatest common divisor of 272 and k?
16
Suppose -12*t + 27*t - 2871 = -18*t. Calculate the greatest common factor of 87 and t.
87
Let i be 28/(-6)*1600/140*-3. Calculate the highest common divisor of 870 and i.
10
Suppose -3*n = -f - 7, 0*n + 5*f - 16 = -2*n. Let w(y) = 14*y + 10. Let x be w(-4). Let a = -37 - x. Calculate the greatest common factor of n and a.
3
Suppose 5*i - 2*m = 262, -5*i + 2*m + m + 258 = 0. Let x be ((-480)/168)/((-1)/(-14)). Let w = i + x. Calculate the highest common factor of 14 and w.
14
Let z = 254 - 249. Suppose -824 = -4*n - 2*h, -3*h + 197 = n - 7*h. Calculate the greatest common divisor of n and z.
5
Suppose 9*l + 3774 = -528. Let j = l + 568. What is the greatest common factor of 585 and j?
45
Suppose 0 = 273*a - 270*a. Suppose -2*v = -3*u - 4*v + 3, -4*u - 3*v + 3 = a. Calculate the greatest common divisor of u and 21.
3
Suppose -12*c = -7*c - p - 82, 7*c = 3*p + 110. What is the greatest common divisor of c and 11747?
17
Let x be (2 - (7 + -3))*(-1859)/13. Suppose -9 - 79 = -4*w. Calculate the greatest common factor of w and x.
22
Let b(r) = r**3 + 25*r**2 + 31*r - 33. Let f be b(-23). Calculate the greatest common divisor of 9 and f.
3
Suppose 26 = y + 28, 0 = 5*i + 3*y - 60879. What is the highest common divisor of 246 and i?
123
Let h(b) = -b**3 - 5*b**2 - b + 396. Let i be h